-b - 19 = 2*q. Let j = q + 11. Calculate the remainder when x is divided by j.
1
Suppose 0 = -2*x - 3 + 41. Let h(n) = -n + 9. Let d be h(-13). Let p = d + -15. What is the remainder when x is divided by p?
5
Suppose -s + 20 = 8. Suppose 0 = -4*t + 7*t + 5*x + 286, -5*t + x = 430. Let z = t - -110. Calculate the remainder when z is divided by s.
11
Suppose 4*a - 2*a = -8, -3*n + 5*a = -161. Suppose 3*s = 5*m - 2*s + 100, 0 = 2*m + 3*s + 30. Let g = m - -34. What is the remainder when n is divided by g?
15
Let t(f) = 31*f**2 - 3*f. Calculate the remainder when 166 is divided by t(-1).
30
Suppose 1 = 2*y - 5. Suppose 44*c - 100 = 76. Calculate the remainder when c is divided by y.
1
Suppose -2204 = -49*w + 491. What is the remainder when 172 is divided by w?
7
Suppose 5*c = -5*u + 6*c + 359, u - 5*c = 91. Let w = -5 + u. Let l = 51 - 28. What is the remainder when w is divided by l?
20
Let n = -39 - -57. What is the remainder when 77 + -20 + (-2 - -11) is divided by n?
12
Let w be 6/8 + 5355/60. Suppose -2*s = -2*z - 0*s + w, -5*s + 216 = 4*z. Calculate the remainder when z is divided by 18.
13
Calculate the remainder when (-6)/((-60)/(-110))*-7 is divided by 6.
5
Let z = -1013 + 1049. Calculate the remainder when 179 is divided by z.
35
Let p(b) = 35*b**2 - 3*b - 3. Suppose y + 2*l = 19, -3*y + 4*l + 18 + 39 = 0. Calculate the remainder when p(-1) is divided by y.
16
Let t(n) = -3 + 8*n**2 + 2 - n**2 + 4*n**2 + n. Suppose -57 = -3*w + 6. What is the remainder when w is divided by t(1)?
10
Let l(x) = -x**2 + 10*x - 10. Let n(i) = i**3 + 9*i**2 + 2*i - 41. Let h be n(-8). What is the remainder when 42 is divided by l(h)?
9
Suppose -203 = -i - 5*m + 130, -4*m - 1723 = -5*i. What is the remainder when i is divided by 15?
13
Suppose 0 = -5*j + 153 - 28. Let d = j + -21. Suppose -2*x + 110 = 4*o, 2*x + 2 - d = 0. Calculate the remainder when o is divided by 10.
7
Let y(p) = 4*p**2 - 7*p + 6*p - 2*p**2. Let z(q) = 44*q**3 - 2*q**2 + 1. Calculate the remainder when z(1) is divided by y(3).
13
Let d(f) = -f**3 + 25*f**2 + 57*f - 61. Let j be d(27). Suppose 22*c = j*c + 210. Calculate the remainder when c is divided by 9.
6
Let o(b) = -3*b + 26. Suppose 2*j = -4*c - 10, 3*j + 1 = -2*c + 6. What is the remainder when o(c) is divided by 7?
6
Let k(r) = -2*r**2 + 21*r + 3. What is the remainder when 57 is divided by k(9)?
27
Let s(x) = x**2 + 9*x + 6. Let j be s(-9). Suppose j = o - 32. What is the remainder when o is divided by 13?
12
Let r(b) = b**3 - b**2 + 38. Suppose -3*u + 63 = 3. Calculate the remainder when r(0) is divided by u.
18
Let v be ((-8)/(-12))/((-1)/(-3)) + 4. Let h = -20 - -53. Suppose a + w = v, 2*a - 6*a + h = w. Calculate the remainder when a is divided by 4.
1
Let f(p) = 4*p - 52. Let r be f(13). Suppose 2*x - 121 - 49 = r. What is the remainder when x is divided by 44?
41
Let i = 22 + -13. Suppose 96 = l - 3*m, -4 = m - 2. Suppose k - l = -2*z, 111 = 5*z - 3*k - 103. Calculate the remainder when z is divided by i.
8
What is the remainder when (-2)/(1468/492 + -3) is divided by 25?
23
Let a(x) = x**2 - 3*x + 3. Let u be a(8). Let l = u - 88. Let o = l + 80. What is the remainder when o is divided by 18?
17
Suppose 67 = -28*o + 263. Calculate the remainder when 67 is divided by o.
4
Suppose -5 - 19 = -6*k. What is the remainder when 24 is divided by k?
0
Let z = 674 + -660. What is the remainder when 39 is divided by z?
11
Suppose 3*x + 0*w = -3*w - 3, w - 2 = -2*x. Suppose 512 = v + x*v - 4*t, -2*v - 4*t = -250. Calculate the remainder when v is divided by 32.
31
Let x(p) = 8*p + 1. Let u be x(1). Suppose 67 = 4*s - u. Calculate the remainder when s is divided by 10.
9
Let o(g) = -3*g + 80. What is the remainder when o(-15) is divided by 6?
5
Suppose 0*y = g - 2*y - 7, y = g - 5. Suppose -c = -8 - g. Calculate the remainder when 27 is divided by c.
5
Let w(r) = r**2 - 8*r + 6. What is the remainder when w(-7) is divided by 110/8 + (-4)/(-16)?
13
Suppose 0 + 4 = z. Suppose -2*y + 63 + 49 = 4*b, -3*b = -z*y - 95. Calculate the remainder when 84 is divided by b.
26
Let u = 46 - 5. Suppose 4*q + 186 = 5*k, -191 = -5*k - q - 0*q. Let y = 53 - k. Calculate the remainder when u is divided by y.
11
Suppose s = 4*l - 0*l + 84, -5*l + 370 = 5*s. Suppose 6*p = 4*p + s. Let x(u) = -u**3 + 5*u**2 - 3*u + 6. Calculate the remainder when p is divided by x(4).
8
Let m(p) = -17*p + 433. Calculate the remainder when 91 is divided by m(24).
16
Suppose -5*c = -0*c - 25. Suppose w - 4*y = 45, -c*w + 181 = 3*y - 90. Calculate the remainder when w is divided by 18.
17
Suppose 141*a - 138*a = -12. Let s(o) = -o**2 - 10*o - 3. Calculate the remainder when s(a) is divided by 11.
10
Let x = 2536 - 2506. What is the remainder when 174 is divided by x?
24
Suppose -246 = -g - 2*g. Suppose -2*r = 121*r + 25*r - 2072. What is the remainder when g is divided by r?
12
Suppose n - 21 = 4*i, 3*n - 5*i = 50 + 27. What is the remainder when 139 is divided by n?
23
Let r = -156 - -253. Let z = -23 - -61. Calculate the remainder when r is divided by z/(-57) - (-154)/6.
22
Suppose 5*m - 4*g = 418, 3*g - 6 = g. Suppose 0 = 4*n + 4, -2*n - 22 = 2*z + 3*z. Let f(v) = -6*v - 2. Calculate the remainder when m is divided by f(z).
20
Calculate the remainder when 82 is divided by ((-744)/310)/((-3)/70).
26
Suppose 0 = 3*j + 24 - 36. Suppose j*k - 2 = 238. Calculate the remainder when k is divided by 32.
28
Suppose 2*s - 8 - 2 = 0. Suppose s*z - 3*k - 974 = -120, -3*k = z - 178. Suppose h + z = 5*h. What is the remainder when h is divided by 11?
10
Let j be -26*(9/(-6) + -3). Calculate the remainder when 25 is divided by (j/(-6))/((-6)/4).
12
Let y be 14/(-63) - (-168)/27. Calculate the remainder when 26 is divided by (0 + 3)*28/y.
12
Let w(o) = -14*o + 453. Calculate the remainder when 28 is divided by w(32).
3
Calculate the remainder when 77 is divided by (12/(-10))/(72/180) - -24.
14
Let l be 264/(-4) + -3 + 5. Let c = l - -72. Calculate the remainder when c is divided by 3.
2
Let d(a) = -a**3 + 6*a**2 - 5*a - 3. Let m be d(4). Let c(u) = 15*u - 3. Let f be c(m). Calculate the remainder when 41 is divided by 152/11 + 24/f.
13
Suppose -226*u - 32 = -234*u. Let l(c) = c**2 - 2. Let x be l(0). Calculate the remainder when 13 + (-4 + 0 - x) is divided by u.
3
Let s(l) = 2*l**2 - 35*l - 13. Let q be s(18). Suppose 2*p = 1 + q. What is the remainder when (13 + -12)*17/1 is divided by p?
2
Calculate the remainder when 24 + 15 - 2/(-2)*-2 is divided by (1 - 0)/(5/95).
18
Let w = 87 + 22. Let n = 219 - w. What is the remainder when n is divided by 19?
15
Suppose 5*b - 114 = -5*v + 46, -4*v = -8. Calculate the remainder when b is divided by 24.
6
Calculate the remainder when 547 is divided by (4 - 2460/(-135)) + 2/(-9).
19
Calculate the remainder when 22 is divided by ((-243)/54)/((-1)/2).
4
Suppose -2*u + 3 = u, 0 = 3*g + 2*u - 56. Let h(w) = -w**2 + 3*w - 1. Let j be h(2). What is the remainder when (-13 - -8)*(-14)/j is divided by g?
16
Let p be ((-24)/(-30))/((-2)/5). Calculate the remainder when (-2 - (-8 - p))/((-8)/(-100)) is divided by 27.
23
Suppose -j = 5*d - 62, -3*d = 5*j + d - 289. Suppose f - 94 = -j. What is the remainder when 145 is divided by f?
34
Let s = 1104 - 1055. Calculate the remainder when 49 is divided by s.
0
Let b = 1358 + -1335. Calculate the remainder when 64 is divided by b.
18
Suppose 4*f + 5*f = 81. Let q = f + 53. What is the remainder when q is divided by 13?
10
Let q(v) = -v**3 + 7*v**2 - 6*v + 6. Suppose -49 = -m - 43. Suppose -2*o + m*o = 16. What is the remainder when q(o) is divided by 16?
14
Let m(r) = -r**3 + 7*r**2 - 6*r + 11. Let a be m(5). Suppose 0 = -3*i - a + 367. Calculate the remainder when 37 is divided by 48/i + (-130)/(-7).
18
Suppose u + 3 = 0, -3*c = -u - 162 - 549. Suppose n = -n + c. What is the remainder when n is divided by 17?
16
Let y(s) = 2*s**2 - 13*s + 29. Let l(w) = w**2 - 7*w + 15. Let m(r) = 5*l(r) - 2*y(r). What is the remainder when m(8) is divided by 3?
0
Suppose -36 = -5*z + 2*z. Let n be 1510/z - (-7)/42. Suppose 4*g + 5*c = n, c + c = -5*g + 149. Calculate the remainder when g is divided by 10.
9
Suppose -3*w + 4*u + 48 = 0, w + 4*u - 29 = u. Suppose 4*n = -w, -4*n - 7 + 1 = 2*m. Calculate the remainder when 26 is